9.
12109
What are the prime factors of 113670?
2, 3, 5, 421
What are the prime factors of 5966?
2, 19, 157
What are the prime factors of 294?
2, 3, 7
What are the prime factors of 13999?
13999
What are the prime factors of 28786?
2, 37, 389
What are the prime factors of 31571?
131, 241
What are the prime factors of 1217?
1217
What are the prime factors of 816?
2, 3, 17
List the prime factors of 607.
607
What are the prime factors of 4323?
3, 11, 131
List the prime factors of 1218.
2, 3, 7, 29
What are the prime factors of 1082?
2, 541
What are the prime factors of 99650?
2, 5, 1993
List the prime factors of 39205.
5, 7841
List the prime factors of 5307.
3, 29, 61
What are the prime factors of 49173?
3, 37, 443
What are the prime factors of 17589?
3, 11, 13, 41
What are the prime factors of 3097?
19, 163
What are the prime factors of 2303?
7, 47
List the prime factors of 1787.
1787
What are the prime factors of 433?
433
List the prime factors of 86323.
86323
What are the prime factors of 5513?
37, 149
List the prime factors of 8940.
2, 3, 5, 149
What are the prime factors of 22?
2, 11
List the prime factors of 14978.
2, 7489
What are the prime factors of 84634?
2, 11, 3847
List the prime factors of 16573.
16573
What are the prime factors of 1622?
2, 811
What are the prime factors of 59387?
59387
List the prime factors of 34134.
2, 3, 5689
What are the prime factors of 94925?
5, 3797
List the prime factors of 15681.
3, 5227
What are the prime factors of 1847?
1847
What are the prime factors of 1046?
2, 523
What are the prime factors of 4633?
41, 113
List the prime factors of 20409.
3, 6803
What are the prime factors of 71139?
3, 23, 1031
List the prime factors of 55356.
2, 3, 7, 659
What are the prime factors of 1254?
2, 3, 11, 19
What are the prime factors of 427?
7, 61
What are the prime factors of 774?
2, 3, 43
What are the prime factors of 8395?
5, 23, 73
What are the prime factors of 133517?
31, 59, 73
List the prime factors of 1548.
2, 3, 43
What are the prime factors of 1938?
2, 3, 17, 19
What are the prime factors of 307?
307
List the prime factors of 1819.
17, 107
List the prime factors of 30806.
2, 73, 211
List the prime factors of 101535.
3, 5, 7, 967
What are the prime factors of 5514?
2, 3, 919
List the prime factors of 4985.
5, 997
List the prime factors of 17344.
2, 271
What are the prime factors of 96892?
2, 24223
What are the prime factors of 7178?
2, 37, 97
What are the prime factors of 6562?
2, 17, 193
List the prime factors of 2140.
2, 5, 107
List the prime factors of 14168.
2, 7, 11, 23
What are the prime factors of 718?
2, 359
List the prime factors of 1942.
2, 971
What are the prime factors of 14831?
14831
List the prime factors of 3160.
2, 5, 79
What are the prime factors of 11571?
3, 7, 19, 29
What are the prime factors of 10219?
11, 929
List the prime factors of 816.
2, 3, 17
What are the prime factors of 2827?
11, 257
List the prime factors of 16940.
2, 5, 7, 11
What are the prime factors of 74643?
3, 139, 179
What are the prime factors of 2532?
2, 3, 211
List the prime factors of 1005.
3, 5, 67
What are the prime factors of 585?
3, 5, 13
List the prime factors of 25473.
3, 7, 1213
What are the prime factors of 1521?
3, 13
What are the prime factors of 2290?
2, 5, 229
What are the prime factors of 6144?
2, 3
List the prime factors of 19238.
2, 9619
What are the prime factors of 1015?
5, 7, 29
List the prime factors of 1382.
2, 691
What are the prime factors of 688?
2, 43
List the prime factors of 19.
19
What are the prime factors of 1340?
2, 5, 67
List the prime factors of 182954.
2, 17, 5381
What are the prime factors of 4138?
2, 2069
List the prime factors of 5498.
2, 2749
What are the prime factors of 5045?
5, 1009
What are the prime factors of 25614?
2, 3, 1423
List the prime factors of 5840.
2, 5, 73
List the prime factors of 19357.
13, 1489
What are the prime factors of 37725?
3, 5, 503
List the prime factors of 2554.
2, 1277
What are the prime factors of 5286?
2, 3, 881
List the prime factors of 695.
5, 139
What are the prime factors of 2032?
2, 127
List the prime factors of 969.
3, 17, 19
List the prime factors of 24227.
7, 3461
List the prime factors of 2459.
2459
List the prime factors of 4597.
4597
List the prime factors of 101125.
5, 809
What are the prime factors of 1089?
3, 11
List the prime factors of 1659.
3, 7, 79
What are the prime factors of 22065?
3, 5, 1471
What are the prime factors of 1005?
3, 5, 67
What are the prime factors of 4942?
2, 7, 353
List the prime factors of 103927.
103, 1009
List the prime factors of 12579.
3, 7, 599
What are the prime factors of 4755?
3, 5, 317
List the prime factors of 154.
2, 7, 11
What are the prime factors of 2592?
2, 3
What are the prime factors of 21421?
31, 691
What are the prime factors of 1048?
2, 131
List the prime factors of 9742.
2, 4871
List the prime factors of 4015.
5, 11, 73
What are the prime factors of 97163?
11, 73
What are the prime factors of 5064?
2, 3, 211
What are the prime factors of 3204?
2, 3, 89
List the prime factors of 681.
3, 227
List the prime factors of 40.
2, 5
What are the prime factors of 3026?
2, 17, 89
What are the prime factors of 17308?
2, 4327
What are the prime factors of 88860?
2, 3, 5, 1481
What are the prime factors of 10849?
19, 571
What are the prime factors of 2266?
2, 11, 103
What are the prime factors of 58704?
2, 3, 1223
What are the prime factors of 48095?
5, 9619
List the prime factors of 1268.
2, 317
What are the prime factors of 184?
2, 23
What are the prime factors of 5033?
7, 719
What are the prime factors of 5278?
2, 7, 13, 29
What are the prime factors of 25971?
3, 11, 787
What are the prime factors of 807?
3, 269
What are the prime factors of 6642?
2, 3, 41
What are the prime factors of 18831?
3, 6277
What are the prime factors of 91737?
3, 10193
List the prime factors of 16824.
2, 3, 701
What are the prime factors of 1178?
2, 19, 31
List the prime factors of 69663.
3, 11, 2111
List the prime factors of 30557.
30557
What are the prime factors of 28297?
28297
What are the prime factors of 2278?
2, 17, 67
What are the prime factors of 66061?
31, 2131
List the prime factors of 1528.
2, 191
List the prime factors of 75032.
2, 83, 113
What are the prime factors of 78290?
2, 5, 7829
List the prime factors of 17647.
7, 2521
List the prime factors of 2853.
3, 317
What are the prime factors of 12788?
2, 23, 139
List the prime factors of 1478.
2, 739
What are the prime factors of 78614?
2, 23, 1709
List the prime factors of 2225.
5, 89
List the prime factors of 22993.
22993
List the prime factors of 778.
2, 389
List the prime factors of 367.
367
What are the prime factors of 20585?
5, 23, 179
List the prime factors of 7338.
2, 3, 1223
What are the prime factors of 2351?
2351
List the prime factors of 10470.
2, 3, 5, 349
What are the prime factors of 637?
7, 13
What are the prime factors of 1838?
2, 919
What are the prime factors of 728?
2, 7, 13
List the prime factors of 36100.
2, 5, 19
List the prime factors of 226.
2, 113
List the prime factors of 10807.
101, 107
What are the prime factors of 48105?
3, 5, 1069
What are the prime factors of 8606?
2, 13, 331
List the prime factors of 15389.
11, 1399
List the prime factors of 300.
2, 3, 5
What are the prime factors of 6850?
2, 5, 137
What are the prime factors of 90199?
90199
List the prime factors of 35074.
2, 13, 19, 71
What are the prime factors of 10338?
2, 3, 1723
What are the prime factors of 157146?
2, 3, 11, 2381
What are the prime factors of 54965?
5, 10993
List the prime factors of 1876.
2, 7, 67
What are the prime factors of 1256?
2, 157
List the prime factors of 1744.
2, 109
What are the prime factors of 96358?
2, 48179
What are the prime factors of 753?
3, 251
What are the prime factors of 878?
2, 439
What are the prime factors of 18220?
2, 5, 911
What are the prime factors of 1000?
2, 5
List the prime factors of 20896.
2, 653
List the prime factors of 41192.
2, 19, 271
What are the prime factors of 112887?
3, 37, 113
List the prime factors of 190.
2, 5, 19
List the prime factors of 1151.
1151
List the prime factors of 63135.
3, 5, 23, 61
What are the prime factors of 70075?
5, 2803
What are the prime factors of 490?
2, 5, 7
List the prime factors of